ber?
False
Is 8 + 1222/(-156) + (-9425)/(-6) composite?
False
Let u = -263 - -268. Suppose -g + 23*v - 22*v + 125 = 0, -4*g + 536 = u*v. Is g prime?
False
Let d = 3430 - 726. Suppose -3*x = -2*k + d, 4*x = 4*k + 8*x - 5368. Is k a composite number?
True
Suppose 13*i - 3 = 23. Suppose 0 = -i*k - k + 8223. Is k prime?
True
Suppose -6*g = -3 - 9. Let p(s) = -6*s**2 - s**3 - 7 + 2*s**g - 5*s**2 + 3*s + 2*s**3. Is p(10) a prime number?
False
Let b = -6 - -10. Suppose b*w = -46 + 442. Suppose -98*n + w*n - 67 = 0. Is n composite?
False
Let d(w) = -w**3 + 11*w**2 - 4*w - 9. Let x be d(12). Let f = 403 + x. Is (19/2 + 0)*f a composite number?
True
Let f(x) be the third derivative of -1/2*x**3 + 0 - 205/24*x**4 + 0*x - 17*x**2. Is f(-4) a composite number?
True
Is 3 + 32*(-1299)/(-6) a prime number?
False
Let c be 4/(-6)*(-2409)/146. Let p(s) = 19*s**2 + 3*s + 1. Is p(c) a prime number?
True
Is (14/(-252)*-43047)/(1/2) composite?
False
Let j = 28921 - 18788. Is j prime?
True
Let b be ((-57)/(-76))/(4/144). Suppose b*g - 1217 = 26*g. Is g composite?
False
Let b(w) = w + 3. Let y(o) = 1990*o - 193. Let p(g) = -6*b(g) - y(g). Is p(-8) prime?
False
Let h = -9 - -14. Suppose -296 + 6 = -h*j. Is j prime?
False
Suppose 0*w + w = 66. Suppose 0 = 5*l + 4*q - 111, 3*l + 21*q = 18*q + 69. Let j = w + l. Is j prime?
False
Suppose -c + 2*y + 132905 = 0, 0 = -51*c + 47*c + 2*y + 531626. Is c a prime number?
False
Let a(b) = -5*b + 17. Let j(f) = 6*f - 18. Let c(i) = -5*a(i) - 4*j(i). Let r be c(12). Is (-52)/r - (-24)/(-8) composite?
True
Let z(d) = 16088*d + 5445. Is z(13) prime?
True
Let h be ((-18)/24)/((-1)/4). Suppose 0 = h*u + u - 12. Suppose -3*a - a + u*n = -5581, 4217 = 3*a + 4*n. Is a a composite number?
False
Let n be 1888/(-20) + -4 - (-6)/(-10). Let o = n + 95. Let v(t) = 53*t**2 + 6*t - 3. Is v(o) a prime number?
True
Let y = -3931 + 34484. Is y prime?
True
Suppose 0 = -5*n - 5 + 20. Let x be (5 + (-259)/49)*1*-14. Suppose -x*l + 4*k = -4776, -2*k + 5*k = -n*l + 3576. Is l prime?
True
Suppose 5*l - 4*h - 55 = 0, -5*l + 15 = 15*h - 11*h. Suppose -l*f + 2346 = -5921. Is f composite?
False
Let b be (124/(-5))/(6/(-2895)). Suppose 5*j + 3*k = 155458, 2*j + 2*k - 50218 = b. Is j a prime number?
True
Let t be (-3505)/10*(-14 + 4). Suppose -t = 15*f - 50140. Is f prime?
True
Let c(i) = 24*i - 5. Let f = 156 - 150. Is c(f) composite?
False
Suppose -88*p + 4852109 = 43*p. Is p a composite number?
False
Suppose 4*d + 3*d - 931 = 0. Let u = -129 + d. Suppose -2*z + 5144 = u*q, 7*z - 12*z + 1295 = q. Is q composite?
True
Let i = 25685 - -16884. Is i composite?
False
Suppose 0 = -3*w + 4*y + 68723, -2*w - y = -56574 + 10777. Is w prime?
True
Let j(a) = 12*a - 158. Let v be j(15). Suppose 0 = -v*l + 81257 - 1287. Is l a composite number?
True
Let c = 2 - 3. Let a(b) = 65*b**2 + 12. Let z be a(4). Is (10/(-8))/(c/z) a composite number?
True
Let l be 1/(3/7) + 5/(-15). Let y be 3/(-6) + 1/l. Is 157/(-3)*(-3 + y) composite?
False
Suppose 178*s - 42360 = 172*s. Suppose -l + 3*i = -s, -4*l + 3*i + 11887 + 16380 = 0. Is l prime?
True
Suppose 0 = 603*m - 609*m + 4799994. Is m prime?
True
Let n(p) = -17*p + 6. Let x be n(2). Let k be x/15 - (-6)/(-45). Let d(r) = -432*r + 7. Is d(k) prime?
False
Is ((-66026)/6*3)/((-10)/(-780)*-6) composite?
True
Let v(d) = 103*d - 7. Let u(t) = 3*t. Let w(s) = 3*u(s) + v(s). Is w(3) a composite number?
True
Let f(v) = 6*v + 4. Let q be f(0). Suppose -125 = 46*t - 47*t. Is t - (-3 - (-4)/q) prime?
True
Let j(o) = -2*o - 4 + 12*o**3 - 5*o + 283*o**2 - 287*o**2. Is j(5) prime?
True
Suppose -10619294 - 19931537 = -22*g - g. Is g prime?
True
Let j = 23 - 16. Let v be -4 - j/(28/(-16928)). Suppose -w + v = 3*b, -b + 408 = -w - 1000. Is b composite?
False
Suppose -2*p + 9*v - 10*v + 20 = 0, 0 = -4*p + v + 34. Suppose p*m - 17289 = 53892. Is m a prime number?
False
Let z(i) be the first derivative of -111*i**2 - 11*i - 10. Let a(s) = -667*s - 32. Let m(n) = 4*a(n) - 11*z(n). Is m(-2) a prime number?
False
Suppose -24*d + 14*d = -50. Suppose -6*y = -d*y - 4177. Is y a prime number?
True
Let r(y) = 20 - 10 - 19 + 1319*y. Let z be r(4). Suppose -2*i - 2*p = i - z, 7016 = 4*i + p. Is i composite?
False
Let x(l) = 7*l**3 - 10*l**2 - 7*l + 21. Let i(p) = -15*p**3 + 20*p**2 + 15*p - 44. Let m(h) = -6*i(h) - 13*x(h). Is m(-11) a prime number?
True
Suppose -2*w + 16832 = -2*r, 22*w + 33691 = 26*w + 5*r. Is w a composite number?
False
Let s(b) = 10*b - 85. Let l be s(9). Suppose -10332 - 22013 = -l*c. Is c prime?
True
Let v(g) = -9*g**2 + 6. Let c(a) = -a**2 - 9*a - 2. Let x be c(-9). Let d be v(x). Is (10/d)/((-3)/8685*1) a composite number?
True
Let r(y) be the first derivative of 27*y**5/40 - 17*y**4/12 - 9*y**3 - 24. Let g(n) be the third derivative of r(n). Is g(15) a prime number?
True
Suppose s + 2*w = -1 - 7, -2*s - 12 = 3*w. Suppose s = -34*u + 26*u + 152. Is u prime?
True
Suppose -4 = -v - 0*v. Suppose -v*q - 2*n - 10 = -0*q, 5*q - 5*n + 20 = 0. Let i(r) = -15*r - 10. Is i(q) a prime number?
False
Is (-129722)/(-8) - ((-33)/(-4) - 10) a prime number?
True
Is ((-2157)/15)/(25/(-27875)) composite?
True
Let x(l) = 2171*l**2 + 17*l + 17. Let h be ((-153)/18 + 9)/(1/(-2)). Is x(h) composite?
True
Let z = 132 + -1723. Let k = 1510 - z. Is k composite?
True
Let y be (-24)/(-32) - 38/8. Suppose 2*i - 27410 = -0*i. Is y/22 - i/(-55) a prime number?
False
Suppose 46*g + 59*g + 9*g = 23821554. Is g a composite number?
False
Let v(i) = -i + 6. Let s be v(4). Suppose 0 = 3*c + h - 11174, -s*c = -c + 3*h - 3730. Let x = -2447 + c. Is x composite?
False
Let s = -113 + 129. Let k(f) = s*f - 32*f - 24 - 25*f - 18*f. Is k(-19) a prime number?
True
Suppose -d - 2*v + 4*v = -7, -3*v + 7 = d. Let c(w) = -3*w + 7. Let o be c(d). Is (-16)/(-56) - 5302/o a prime number?
True
Is ((-2540)/(-30))/((-13)/(56043/(-6))) a composite number?
True
Let h(f) = -f**3 + 31*f**2 + 11*f + 86. Suppose -5*t - 2*p + 108 = -42, 0 = p - 5. Is h(t) a composite number?
True
Suppose -16 + 7 = -3*v, 2*v = 5*m - 1527239. Is m a prime number?
True
Let h = 25810 - 13149. Is h composite?
True
Suppose 80*n + j = 76*n + 176717, -4*j = -2*n + 88354. Is n a composite number?
False
Suppose 184*o = 52*o - 86*o + 12196882. Is o prime?
True
Let g(q) = -2444965*q**3 - 27*q**2 - 23*q + 2. Is g(-1) a composite number?
False
Suppose 0 = 4*z, 3*z = g + 2*z - 1613. Let x = g + 1174. Is x composite?
True
Suppose 0 = 4*c - 2*s - 2540, -1905 = -52*c + 49*c + s. Is c composite?
True
Let q(f) = -6*f**3 - 2*f**2 + 4*f + 1. Let t be q(-4). Suppose 20439 = 4*x - t. Suppose 0 = v + 1361 - x. Is v a prime number?
True
Let r(x) = -x**3 - 5*x**2 - 3*x - 4. Let b be r(-5). Suppose o - 419 = 2*n, -7*n - 798 = -2*o - b*n. Is o prime?
True
Let u be 8/6*188307/(-732). Let q be (1032/(-5))/((-1)/5). Let d = q + u. Is d prime?
False
Let n(y) = y**3 + 23*y**2 + 14*y - 53. Let z be n(-22). Suppose -13*r + z = -46. Suppose r*f = 16*f - 447. Is f a composite number?
False
Let x = 60315 + -15844. Is x composite?
True
Suppose -122*x - 295595 = -126*x - 68767. Is x a composite number?
True
Suppose -s = -q - 0*s - 7, 5*s = -2*q - 28. Let j be (-75)/q - (-1)/(-3). Suppose j*z - 27 - 285 = 0. Is z prime?
False
Let x(b) = 154*b - 23. Let h be 12/21*(-126)/(-12). Is x(h) composite?
True
Suppose -2*d = s - 9, -2*s - 6 = -d - d. Suppose -9*a - s = -1. Suppose a = -0*g - 6*g + 2658. Is g prime?
True
Let u be (2032/24)/((-1)/(-18)). Let p = -6 + 9. Suppose -3*h + u + 994 = 4*v, p*h + 3161 = 5*v. Is v prime?
True
Let y(l) = 2179*l + 123. Let t be y(8). Is t + 4/6*3/1 composite?
True
Suppose -4*b - 4*u + 8436 = 0, 2*b - 5*u - 3411 = 821. Is b prime?
True
Let o(k) be the third derivative of -k**5/30 + 2*k**4/3 + 10*k**3/3 - 2*k**2. Let a be o(9). Suppose -a*f + 1639 = -g + 2*g, 5*f + 8195 = 5*g. Is g composite?
True
Is ((-327)/9 - -1)/((-10)/2235) a prime number?
False
Suppose -4*p + 139208 = 4*k, -3*p + 34792 = -13*k + 14*k. Is k composite?
False
Suppose 466220 = 4*a + 4*l, -a + 69423 + 47138 = 4*l. Is a a composite number?
True
Let f be (-14073)/4*(-704)/264. Let n = f + -5621. Is n prime?
True
Let y(c) = -1262*c**2 - 8*c - 4. Let j be y(-3). Is j*(-1 + 12/8)*-1 a prime number?
True
Let b(y) = -y**2 + 10*y + 18. Let j be b(11). Suppose -4*k +